What is b(-13)?
-9
Let p(b) = -b**2 - 5*b - 16. Suppose 178*g - 41 = -1109. Determine p(g).
-22
Let b(l) be the third derivative of -l**6/360 + 7*l**5/120 + l**4/2 + 34*l**3/3 - 14*l**2 + 1. Let y(m) be the first derivative of b(m). Give y(9).
-6
Let j(v) = 7*v**3 - 11*v**2 - 12*v + 2. Let c(g) = 8*g**3 - 12*g**2 - 13*g + 3. Let b be 66/9 + 4/(-3). Let a(z) = b*c(z) - 7*j(z). Determine a(6).
4
Suppose -2*i - 3*j + 7 = 0, -30*j = -4*i - 33*j - 7. Let z(a) = a**3 + 8*a**2 + 3*a - 46. Calculate z(i).
-18
Let s(b) be the third derivative of b**6/10 - b**5/30 + b**3/6 + 149*b**2. Let n be (20/6)/((-5)/15). Let k = -11 - n. Determine s(k).
-13
Let g(s) = s**3 + 12*s**2 - s - 13. Let z(m) = -m**2. Let v(o) = -g(o) - 2*z(o). Let a be v(-10). Let t(b) = 5 + 4*b - 2*b + a - 1. Calculate t(5).
17
Let h(n) = 2*n + 2. Let m = -40 - -42. Suppose -m*x = -1 - 9. Suppose 16 = -2*q - 2*q - 4*a, -3*q + x*a = -4. Determine h(q).
-2
Let l(z) = -4*z - 2. Let s = -29409 + 29403. Determine l(s).
22
Let v = 354 - 344. Suppose -3*p = -4*w - 34, 14*p = -2*w + 12*p - v. Let o(j) = j**2 + 6*j - 3. Calculate o(w).
4
Let r(b) = b**2 - 16*b. Let h be r(16). Suppose -15*x + 24*x + 54 = h. Let l(p) = 5*p + 8. Calculate l(x).
-22
Let z be (430/(-15))/((-8)/(-12)). Let y = 58 + z. Let a(o) = -o**2 + 3*o - 13*o**2 + 3 + y*o**2. Calculate a(-2).
1
Let l(t) = -3*t + 2*t + 2*t + 7. Let b = 4263 - 4269. Calculate l(b).
1
Let j be 7*1*(2 + -1). Suppose 5*f + 9 = -6, 2*f + j = l. Let w(q) = -6*q**2 + 5*q**2 - 6*q**3 + l + 3*q**2 - 4*q**2. Give w(-1).
5
Let o(j) = j**3 - 10*j**2 - 11*j + 4. Let w(z) = -16 - 8 + 9*z - 37. Let v be w(8). What is o(v)?
4
Suppose 3*g + 8 = 2*b, 16 = -0*b + 4*b + 3*g. Suppose -16*s + 53*s = 9583. Let a(m) = 10 + s*m - 5 - 258*m. Give a(b).
9
Let v be 6*3/6 + 0. Suppose v = 3*p, 2*w = w + p - 6. Let h(z) = -z**3 - 6*z**2 - 6*z + 3. Determine h(w).
8
Suppose 4*z + 4*v - 144 = 0, -247*z + 248*z = v + 24. Let l(c) = -c**2 + 30*c + 2. Determine l(z).
2
Let b = -49 + 54. Let k(s) = -7 - 2 - 8*s - 7*s**2 + 0*s - 4*s. Let z(r) = 11*r**2 + 18*r + 14. Let m(j) = b*z(j) + 8*k(j). Calculate m(-6).
-2
Let f(i) = -52*i + 3. Let w(s) = -s**3 + 43*s**2 + 241*s - 48. Let p be w(48). Determine f(p).
3
Let j = 13 + -6. Suppose -j*v + 8 = -3*v. Let n(l) = -86*l + 2 + 35*l + 25*l + 27*l. Calculate n(v).
4
Suppose -2*n - 477 = -5*k, 100 = k - n - 4*n. Let m = -92 + k. Let j(t) = -28*t**3 + 27*t**m + t**2 + 3*t**2 - 5 + 0*t**2. What is j(4)?
-5
Let c = 43 - 43. Let n(v) = 78371 - 2*v - 156740 + v**2 + 78371. Give n(c).
2
Let q = 1860 + -1262. Let o be (-6)/69 - (-2444)/q. Let g(b) be the third derivative of b**5/60 - 7*b**4/24 + 5*b**3/6 - b**2. Calculate g(o).
-7
Suppose 0 = 5*j + 2*w + 61, 5 + 8 = -2*j + 3*w. Let y = 14 + j. Let q(c) = -5*c - 13 - y*c + 0*c + 7*c. Calculate q(-8).
-5
Suppose 0 = -24*v - 41*v + 60 - 385. Let p(h) = -20*h - 95. What is p(v)?
5
Let s = 445 - 440. Let v(c) = -2*c**2 - 8. Let j(b) = b**2 + 4. Let o(y) = -5*j(y) - 3*v(y). Calculate o(s).
29
Let v(l) be the first derivative of -2*l**2 + 118 - 1/4*l**4 - 4/3*l**3 - l. Suppose -4*x = 13 - 1. What is v(x)?
2
Let r(j) be the first derivative of j**4/4 - 5*j**3 + 12*j**2 + 15*j + 51. Calculate r(13).
-11
Let w be 5 + 2 + 12/(-3). Let c be (-8)/(-10)*(-60)/(-8) + w. Let a = 4 - c. Let r(k) = k. Determine r(a).
-5
Let x be 4*(1 - 3/6). Suppose x*n = 6 + 4. Let j(t) be the second derivative of -t**4/12 + 5*t**3/6 - 3*t**2 + 11*t. Determine j(n).
-6
Let d = -288 - -290. Let i(r) = d*r - 6 + 32*r**2 - 22*r**2 - 9*r**2 + 4*r. Give i(-5).
-11
Let u(b) be the third derivative of -b**7/2520 - b**6/360 + b**4/12 + 8*b**3/3 + 19*b**2 + 2*b. Let z(w) be the second derivative of u(w). Calculate z(-5).
-15
Let y be 5 - 7 - -1 - -449. Let d(w) = -w**2 - y + 10*w - 450 + 908. Give d(9).
19
Let b(n) be the second derivative of n**4/3 - 5*n**3/6 - n**2 - 240*n + 1. What is b(3)?
19
Suppose s + 0*s + 5*x = -8, 3*s = -3*x. Let n(v) = 6 - 8*v - s*v**2 + 6*v**2 - 3*v**2. Let g be (-4)/(1 + 20/(-12)). Calculate n(g).
-6
Let q(s) = s - 7. Let j(o) = 6*o - 36. Let p(x) = -x**3 + 11*x**2 - x + 7. Let d be p(11). Let w(r) = d*j(r) + 21*q(r). Determine w(-4).
9
Let t = -36 + 31. Let o(x) = -4*x**2 + 5. Let h(g) = -5*g**2 - g + 5. Suppose 2*w + 4 = f, 0 = 4*f + 4*w - 2*w + 34. Let v(m) = f*o(m) + 5*h(m). Determine v(t).
-5
Let v(s) = 3*s - 16. Let m = -7432 + 7435. Give v(m).
-7
Let a = 2 + 0. Let f(q) = 5 - a*q + 16*q - 4 - 4. Calculate f(2).
25
Suppose -5*f - 1 = 2*o, o - 4 = 4*f + 2. Let a(b) = 62*b**o - 24*b**2 - 35*b**2. Give a(3).
27
Let r(i) = -i**3 - 6*i**2 - 6*i + 6. Let h be r(-5). Let k = 18 - h. Let u(b) = -33 - 12*b + 113 + 15*b - 89. Calculate u(k).
12
Let d(c) be the second derivative of 35*c**3/6 - 3*c**2/2 + 3451*c. What is d(2)?
67
Let w(p) = p**3 - 31*p**2 + 28*p + 350. Let v(n) = 10*n**2 - 9*n - 104. Let g(x) = -7*v(x) - 2*w(x). What is g(-4)?
0
Let k(q) be the first derivative of 23 - 1/3*q**3 + 3/2*q**2 + 5*q. Calculate k(5).
-5
Suppose -3*f + 360 = -6*f. Let d be (-8)/6*270/f. Suppose 0*a - 4*a - 12 = 0, 3*u = -d*a + 3. Let w(v) = v**3 - 5*v**2 + 2*v + 4. Give w(u).
-4
Let w(m) = m**3 - m. Let r(g) = g**3 - 11*g**2 + 18*g + 2. Let z(i) = -i + 3. Let v be (-25)/4 + (-2)/(-8). Let l be z(v). Let p be r(l). Calculate w(p).
6
Let h be 1334/(-87)*(-24)/92. Let g(r) = -r**3 + 11*r**2 - 30*r. Give g(h).
-8
Let c(i) = -i**2 + 4*i**2 - i**3 - 2*i**2 + 4 + 3*i + i**2. Let q = -2 + 5. Determine c(q).
4
Let t(w) = w**2 + 2*w - 5. Let o be t(2). Let i(v) = -v**3 + 49*v + o - 101*v - v**2 + 48*v. Suppose -3*r - h = -7, r + 4*h = 7 - 1. Give i(r).
-17
Let r(x) be the third derivative of x**5/20 - x**3/6 - 20*x**2. Suppose 57*z - 52*z + 5 = 0. Give r(z).
2
Let t(q) be the first derivative of 3*q**2/2 - 2*q - 2. Let b(f) = -23*f**3 - 251*f**2 + 25*f + 37. Let a be b(-11). Calculate t(a).
10
Suppose -5*v = -3*s - 16, -5*s - 66 = -3*v - 50. Let x(r) be the first derivative of 2*r - 3/2*r**v - 1/3*r**3 - 10. Determine x(-6).
-16
Let g(r) be the second derivative of r**5/10 - 39*r**4/4 - 29*r**3/3 - 63*r**2/2 - 7848*r. What is g(59)?
-4
Let t(x) = -6*x**3 + 5*x**2 + 9*x - 9. Let d(i) = 7*i**3 - 4*i**2 - 8*i + 8. Let q(r) = -5*d(r) - 6*t(r). Let g be (154/(-56))/(7/(-28)). Determine q(g).
-19
Let j = 77 - 74. Let m(x) = -7 - 77*x + 83*x - j + x**2. Give m(-7).
-3
Let u(s) = 2*s**2 - 13*s - 19. Let n be u(8). Suppose -31 = 4*v - 5*m, 5*m + 5 = -n*v - 0. Let w(b) = -b**3 - 5*b**2 - 5*b - 1. Calculate w(v).
3
Let q(r) be the third derivative of -r**6/120 - r**5/15 + r**4/4 - 7*r**3/6 - 3*r**2 - 1. Let b(v) = v**2 - 32*v - 110. Let c be b(35). Determine q(c).
-12
Let z(a) = 4*a + 2 + a + 61 + 4. Give z(-15).
-8
Let y be 2 + (-31)/11 + (-16)/88. Let x(b) = 53*b - 11*b - 1 - 19*b - 24*b + 3. Calculate x(y).
3
Let y(o) = o**3 + 3*o**2 + 2*o + 3. Let t(l) = -26 + 17*l - 13*l + 35 - l**2. Let k be t(6). What is y(k)?
-3
Let u(o) = -16*o - 1. Let x = -31112 - -31112. Give u(x).
-1
Let p(m) = 4*m + 19. Let f(z) = 31 + 40 - 3*z - 89. Let t(a) = -5*f(a) - 4*p(a). Let n(h) = -3*h + 33. Let y be n(11). Calculate t(y).
14
Let f(v) = -7*v - 52. Let i = 25718 + -25724. Determine f(i).
-10
Let s(f) be the third derivative of f**5/60 - f**4/4 - f**3/6 + 42*f**2 + 2. Let v(h) = h**3 - 10*h**2 + 25*h. Let j be v(6). Give s(j).
-1
Suppose 4*w - 41 + 4 = -m, -2*w + 2*m = -16. Let g(v) = 6*v - 3. Let r(p) = p. Let t(i) = g(i) - 5*r(i). Give t(w).
6
Let p(f) be the second derivative of -2*f**2 - 4*f - 21 + 1/6*f**3. Give p(-5).
-9
Suppose -5*y + 4*y + 5 = 0. Suppose c = -y, -q - 5*c = 4 - 69. Let f be (6/4)/((-15)/q). Let m(o) = -o**3 - 9*o**2 - o - 9. Give m(f).
0
Let m(y) = -2*y + 1. Let j(f) = -2*f + 1. Let h(b) = 4*j(b) - 3*m(b). Let w = 448 - 435. Suppose 7 = w*t - 19. Give h(t).
-3
Let j(t) = 9*t**3 + 43*t**2 - 37*t + 9. Let o(w) = 11*w**3 + 47*w**2 - 32*w + 8. Let r(m) = 5*j(m) - 4*o(m). Give r(-29).
-16
Let j be ((-1)/(-2))/((-4)/56). Let w(i) be the second derivative of 1/20*i**5 + 11/6*i**3 + 9/2*i**2 + 0 - 425*i + 2/3*i**4. What is w(j)?
-19
Let i(o) = -6*o - o + 8*o. Let z = -75 - -74. Let b be ((-10)/3 + 4)/(z/(-3)). What is i(b)?
2
Let y(o) be the first derivative of -9*o**2/2 + 9*o + 425. Calculate y(3).
-18
Let s(i) = 70*i + 68. Let t be s